{"id":802,"date":"2015-07-02T12:42:59","date_gmt":"2015-07-02T11:42:59","guid":{"rendered":"http:\/\/pierreisorni.com\/?page_id=802"},"modified":"2017-08-21T18:35:09","modified_gmt":"2017-08-21T17:35:09","slug":"a-propos","status":"publish","type":"page","link":"https:\/\/www.pierre-isorni.fr\/?page_id=802","title":{"rendered":"Sa vie son oeuvre"},"content":{"rendered":"<div id=\"pl-802\"  class=\"panel-layout\" ><div id=\"pg-802-0\"  class=\"panel-grid panel-no-style\" ><div id=\"pgc-802-0-0\"  class=\"panel-grid-cell\" ><div id=\"panel-802-0-0-0\" class=\"so-panel widget widget_sow-image panel-first-child panel-last-child\" data-index=\"0\" ><div\n\t\t\t\n\t\t\tclass=\"so-widget-sow-image so-widget-sow-image-default-13f2a8b12fcc-802\"\n\t\t\t\n\t\t>\n<div class=\"sow-image-container\">\n\t\t<img \n\tsrc=\"https:\/\/www.pierre-isorni.fr\/wp-content\/uploads\/2015\/07\/ISO73461.jpg\" width=\"927\" height=\"1800\" srcset=\"https:\/\/www.pierre-isorni.fr\/wp-content\/uploads\/2015\/07\/ISO73461.jpg 927w, https:\/\/www.pierre-isorni.fr\/wp-content\/uploads\/2015\/07\/ISO73461-155x300.jpg 155w, https:\/\/www.pierre-isorni.fr\/wp-content\/uploads\/2015\/07\/ISO73461-527x1024.jpg 527w\" sizes=\"(max-width: 927px) 100vw, 927px\" title=\"155x89 cm HM\nHuile sur toile\n1960\" alt=\"\" \t\tclass=\"so-widget-image\"\/>\n\t<\/div>\n\n<\/div><\/div><\/div><div id=\"pgc-802-0-1\"  class=\"panel-grid-cell\" ><div id=\"panel-802-0-1-0\" class=\"so-panel widget widget_sow-editor panel-first-child panel-last-child\" data-index=\"1\" ><div\n\t\t\t\n\t\t\tclass=\"so-widget-sow-editor so-widget-sow-editor-base\"\n\t\t\t\n\t\t>\n<div class=\"siteorigin-widget-tinymce textwidget\">\n\t<p>Pierre ISORNI est n\u00e9 \u00e0 Paris le 26 juin 1910 de m\u00e8re fran\u00e7aise et de p\u00e8re d' origine italienne.<\/p>\n<p>Apr\u00e8s l' \u00e9cole des Fr\u00e8res, Louis Le Grand puis l' \u00e9cole Alsacienne il entre \u00e0 l' \u00e9cole des Beaux-Arts en 1927 dans l' atelier d' Ernest Laurent, ami de Seurat.<\/p>\n<p>En 1929, il fait la connaissance de <strong><a href=\"http:\/\/www.georgedesvallieres.com\/\">George Desvalli\u00e8res<\/a><\/strong> et de sa famille ainsi que de Louis Latapie et se lie avec lui d'une amiti\u00e9 durable.<\/p>\n<p>En 1930, il \u00e9pouse <strong><a href=\"http:\/\/erreip-desvallieres.fr\">Monique Desvalli\u00e8res<\/a><\/strong>, \u00e9galement artiste peintre sous le nom de <a href=\"http:\/\/erreip-desvallieres.fr\">Erreip-Desvalli\u00e8res <\/a>et s' installe \u00e0 Paris 14, rue Saint-Marc.<\/p>\n<p>Expose r\u00e9guli\u00e8rement des toiles de grandes dimensions au Salon d' Automne jusqu' \u00e0 la guerre. En 1932, \u00e0 la demande d' un ami, il se rend \u00e0 Bruxelles et ex\u00e9cute le portrait du Comte de Paris en exil.<br \/> En 1933, avec Desvalli\u00e8res, il rencontre Matisse \u00e0 Nice.<br \/> 1936 : rencontre avec Raoul Dufy qu' il estime mais qui lui conseille de se pr\u00e9parer \u00e0 la lutte pour r\u00e9sister aux atteintes des d\u00e9sillusions et de l'insucc\u00e9s.<br \/> Mobilis\u00e9 en 1939, il fait de nombreux portraits pendant la dr\u00f4le de guerre.<\/p>\n<p>D\u00e9mobilis\u00e9 en 1940, il s' installe en Seine et Marne \u00e0 Seine-Port pour la dur\u00e9e de la guerre.<br \/> Collabore avec George Desvalli\u00e8res \u00e0 l' \u00e9x\u00e9cution de ses d\u00e9corations religieuses.<br \/> Re\u00e7oit le prix Blumenthal.<br \/> Accapar\u00e9 par les probl\u00e8mes d' intendances sa production est plus restreinte mais s' enrichit pendant cette p\u00e9riode.<\/p>\n<p>En 1945, il rentre \u00e0 Paris, reprend son travail, expose de nouveau au Salon d' Automne mais progressivement se d\u00e9tache et n' expose plus que tr\u00e8s rarement. Il choisit l' isolement et la m\u00e9ditation plutot que la confrontation o\u00f9 il se sent d\u00e9pays\u00e9. Il d\u00e9truit de nombreuses toiles et aborde sa p\u00e9riode abstraite en continuant la figurative.<\/p>\n<p>En 1948, il voyage en Italie et \u00e0 son retour par le Tessin \u00e0 Locarno o\u00f9 il r\u00e9sidera six mois, il ex\u00e9cutera sur place une commande de portraits ainsi que des paysages.<\/p>\n<p>Apr\u00e8s plusieurs ann\u00e9es d' un repli productif, en 1956, encourag\u00e9 par Maximilien Gauthier il expose une centaine de toiles dans les salles du Cercle Volney \u00e0 Paris. Premiers succ\u00e8s et achats de l' \u00e9tat.<\/p>\n<p>En 1970, s' ouvre une p\u00e9riode riche et productive ou il partagera son temps entre la France et l' Espagne o\u00f9 il mourra le 21 mars 1998.<\/p>\n<\/div>\n<\/div><\/div><\/div><\/div><\/div>","protected":false},"excerpt":{"rendered":"<p>Pierre ISORNI est n\u00e9 \u00e0 Paris le 26 juin 1910 de m\u00e8re fran\u00e7aise et de p\u00e8re d&rsquo; origine italienne.Apr\u00e8s l&rsquo; \u00e9cole des Fr\u00e8res, Louis Le Grand puis l&rsquo; \u00e9cole Alsacienne il entre \u00e0 l&rsquo; \u00e9cole des Beaux-Arts en 1927 dans l&rsquo; atelier d&rsquo; Ernest Laurent, ami de Seurat.En 1929, il fait la connaissance de George [&hellip;]<\/p>\n","protected":false},"author":1,"featured_media":0,"parent":0,"menu_order":0,"comment_status":"closed","ping_status":"closed","template":"","meta":{"footnotes":""},"class_list":["post-802","page","type-page","status-publish","hentry","post"],"_links":{"self":[{"href":"https:\/\/www.pierre-isorni.fr\/index.php?rest_route=\/wp\/v2\/pages\/802","targetHints":{"allow":["GET"]}}],"collection":[{"href":"https:\/\/www.pierre-isorni.fr\/index.php?rest_route=\/wp\/v2\/pages"}],"about":[{"href":"https:\/\/www.pierre-isorni.fr\/index.php?rest_route=\/wp\/v2\/types\/page"}],"author":[{"embeddable":true,"href":"https:\/\/www.pierre-isorni.fr\/index.php?rest_route=\/wp\/v2\/users\/1"}],"replies":[{"embeddable":true,"href":"https:\/\/www.pierre-isorni.fr\/index.php?rest_route=%2Fwp%2Fv2%2Fcomments&post=802"}],"version-history":[{"count":21,"href":"https:\/\/www.pierre-isorni.fr\/index.php?rest_route=\/wp\/v2\/pages\/802\/revisions"}],"predecessor-version":[{"id":3509,"href":"https:\/\/www.pierre-isorni.fr\/index.php?rest_route=\/wp\/v2\/pages\/802\/revisions\/3509"}],"wp:attachment":[{"href":"https:\/\/www.pierre-isorni.fr\/index.php?rest_route=%2Fwp%2Fv2%2Fmedia&parent=802"}],"curies":[{"name":"wp","href":"https:\/\/api.w.org\/{rel}","templated":true}]}}

<div id="pl-802"  class="panel-layout" ><div id="pg-802-0"  class="panel-grid panel-no-style" ><div id="pgc-802-0-0"  class="panel-grid-cell" ><div id="panel-802-0-0-0" class="so-panel widget widget_sow-image panel-first-child panel-last-child" data-index="0" ><div
			
			class="so-widget-sow-image so-widget-sow-image-default-13f2a8b12fcc-802"
			
		>
<div class="sow-image-container">
		<img 
	src="https://www.pierre-isorni.fr/wp-content/uploads/2015/07/ISO73461.jpg" width="927" height="1800" srcset="https://www.pierre-isorni.fr/wp-content/uploads/2015/07/ISO73461.jpg 927w, https://www.pierre-isorni.fr/wp-content/uploads/2015/07/ISO73461-155x300.jpg 155w, https://www.pierre-isorni.fr/wp-content/uploads/2015/07/ISO73461-527x1024.jpg 527w" sizes="(max-width: 927px) 100vw, 927px" title="155x89 cm HM
Huile sur toile
1960" alt="" 		class="so-widget-image"/>
	</div>

</div></div></div><div id="pgc-802-0-1"  class="panel-grid-cell" ><div id="panel-802-0-1-0" class="so-panel widget widget_sow-editor panel-first-child panel-last-child" data-index="1" ><div
			
			class="so-widget-sow-editor so-widget-sow-editor-base"
			
		>
<div class="siteorigin-widget-tinymce textwidget">
	<p>Pierre ISORNI est né à Paris le 26 juin 1910 de mère française et de père d' origine italienne.</p>
<p>Après l' école des Frères, Louis Le Grand puis l' école Alsacienne il entre à l' école des Beaux-Arts en 1927 dans l' atelier d' Ernest Laurent, ami de Seurat.</p>
<p>En 1929, il fait la connaissance de <strong><a href="http://www.georgedesvallieres.com/">George Desvallières</a></strong> et de sa famille ainsi que de Louis Latapie et se lie avec lui d'une amitié durable.</p>
<p>En 1930, il épouse <strong><a href="http://erreip-desvallieres.fr">Monique Desvallières</a></strong>, également artiste peintre sous le nom de <a href="http://erreip-desvallieres.fr">Erreip-Desvallières </a>et s' installe à Paris 14, rue Saint-Marc.</p>
<p>Expose régulièrement des toiles de grandes dimensions au Salon d' Automne jusqu' à la guerre. En 1932, à la demande d' un ami, il se rend à Bruxelles et exécute le portrait du Comte de Paris en exil.<br /> En 1933, avec Desvallières, il rencontre Matisse à Nice.<br /> 1936 : rencontre avec Raoul Dufy qu' il estime mais qui lui conseille de se préparer à la lutte pour résister aux atteintes des désillusions et de l'insuccés.<br /> Mobilisé en 1939, il fait de nombreux portraits pendant la drôle de guerre.</p>
<p>Démobilisé en 1940, il s' installe en Seine et Marne à Seine-Port pour la durée de la guerre.<br /> Collabore avec George Desvallières à l' éxécution de ses décorations religieuses.<br /> Reçoit le prix Blumenthal.<br /> Accaparé par les problèmes d' intendances sa production est plus restreinte mais s' enrichit pendant cette période.</p>
<p>En 1945, il rentre à Paris, reprend son travail, expose de nouveau au Salon d' Automne mais progressivement se détache et n' expose plus que très rarement. Il choisit l' isolement et la méditation plutot que la confrontation où il se sent dépaysé. Il détruit de nombreuses toiles et aborde sa période abstraite en continuant la figurative.</p>
<p>En 1948, il voyage en Italie et à son retour par le Tessin à Locarno où il résidera six mois, il exécutera sur place une commande de portraits ainsi que des paysages.</p>
<p>Après plusieurs années d' un repli productif, en 1956, encouragé par Maximilien Gauthier il expose une centaine de toiles dans les salles du Cercle Volney à Paris. Premiers succès et achats de l' état.</p>
<p>En 1970, s' ouvre une période riche et productive ou il partagera son temps entre la France et l' Espagne où il mourra le 21 mars 1998.</p>
</div>
</div></div></div></div></div>

<p>Pierre ISORNI est né à Paris le 26 juin 1910 de mère française et de père d&rsquo; origine italienne.Après l&rsquo; école des Frères, Louis Le Grand puis l&rsquo; école Alsacienne il entre à l&rsquo; école des Beaux-Arts en 1927 dans l&rsquo; atelier d&rsquo; Ernest Laurent, ami de Seurat.En 1929, il fait la connaissance de George [&hellip;]</p>
